{"id":5,"date":"2018-09-10T12:00:10","date_gmt":"2018-09-10T10:00:10","guid":{"rendered":"http:\/\/gwalt-pornografia-molestowanie.pl\/pomocpokrzywdzonym\/?page_id=5"},"modified":"2018-11-16T09:22:56","modified_gmt":"2018-11-16T08:22:56","slug":"o-mnie","status":"publish","type":"page","link":"https:\/\/gwalt-pornografia-molestowanie.pl\/pomocpokrzywdzonym\/o-mnie\/","title":{"rendered":"O mnie"},"content":{"rendered":"<p style=\"text-align: justify;\">Witam Ci\u0119 na \u0142amach mojego bloga! Nazywam si\u0119 Tomasz Kazubski i jestem adwokatem. Po zako\u0144czeniu studi\u00f3w pracowa\u0142em u Rzecznika Praw Dziecka w Warszawie. Kiedy dosta\u0142em si\u0119 na aplikacj\u0119 adwokack\u0105 zrezygnowa\u0142em z tej pracy. Wtedy na po\u017cegnanie \u00f3wczesny Rzecznik Praw Dziecka \u2013 Pan Marek Michalak powiedzia\u0142 mi, \u017ce ma nadziej\u0119, \u017ce nie spotkamy si\u0119 po przeciwnych stronach na sali s\u0105dowej, On lub jego pe\u0142nomocnicy po stronie dziecka a ja jako obro\u0144ca oskar\u017conego.<\/p>\n<p style=\"text-align: justify;\">Jak to w \u017cyciu bywa, zgodnie z Prawem Murphy\u2019ego jak nie chcia\u0142em zajmowa\u0107 si\u0119 przest\u0119pstwami seksualnymi i nawet w jednej z pierwszych uda\u0142o mi si\u0119 wy\u0142\u0105czy\u0107 ze sprawy, to jednak liczba kolejnych spraw spowodowa\u0142a, \u017ce nie ma sensu walczy\u0107 z wiatrakami.<\/p>\n<p style=\"text-align: justify;\">Dlatego postanowi\u0142em poprzez tego bloga pomaga\u0107 osobom, kt\u00f3re zosta\u0142y pokrzywdzone przest\u0119pstwami seksualnymi. Takim osobom najtrudniej skorzysta\u0107 z porad specjalist\u00f3w, bo najcz\u0119\u015bciej musz\u0105 siedz\u0105c przed nim opowiedzie\u0107 o traumie, kt\u00f3rej do\u015bwiadczyli.<\/p>\n<p>W razie pyta\u0144 czy w\u0105tpliwo\u015bci zach\u0119cam Ci\u0119 do <a href=\"http:\/\/gwalt-pornografia-molestowanie.pl\/pomocpokrzywdzonym\/kontakt\/\" target=\"_blank\" rel=\"noopener\">kontaktu &gt;&gt;<\/a><\/p>\n<p style=\"text-align: center;\">*****<\/p>\n","protected":false},"excerpt":{"rendered":"<p>Witam Ci\u0119 na \u0142amach mojego bloga! Nazywam si\u0119 Tomasz Kazubski i jestem adwokatem. Po zako\u0144czeniu studi\u00f3w pracowa\u0142em u Rzecznika Praw Dziecka w Warszawie. Kiedy dosta\u0142em si\u0119 na aplikacj\u0119 adwokack\u0105 zrezygnowa\u0142em z tej pracy. Wtedy na po\u017cegnanie \u00f3wczesny Rzecznik Praw Dziecka \u2013 Pan Marek Michalak powiedzia\u0142 mi, \u017ce ma nadziej\u0119, \u017ce nie spotkamy si\u0119 po przeciwnych [&hellip;]<\/p>\n","protected":false},"author":1,"featured_media":0,"parent":0,"menu_order":0,"comment_status":"closed","ping_status":"closed","template":"","meta":{"jetpack_post_was_ever_published":false,"footnotes":""},"class_list":["post-5","page","type-page","status-publish","hentry"],"yoast_head":"<!-- This site is optimized with the Yoast SEO plugin v27.2 - https:\/\/yoast.com\/product\/yoast-seo-wordpress\/ -->\n<title>Tomasz Kazubski - adwokat - Pomoc Pokrzywdzonym<\/title>\n<meta name=\"description\" content=\"Nazywam si\u0119 Tomasz Kazubski i jestem adwokatem. Po zako\u0144czeniu studi\u00f3w prawniczych pracowa\u0142em u Rzecznika Praw Dziecka w Warszawie.\" \/>\n<meta name=\"robots\" content=\"index, follow, max-snippet:-1, max-image-preview:large, max-video-preview:-1\" \/>\n<link rel=\"canonical\" href=\"https:\/\/gwalt-pornografia-molestowanie.pl\/pomocpokrzywdzonym\/o-mnie\/\" \/>\n<meta property=\"og:locale\" content=\"pl_PL\" \/>\n<meta property=\"og:type\" content=\"article\" \/>\n<meta property=\"og:title\" content=\"Tomasz Kazubski - adwokat - Pomoc Pokrzywdzonym\" \/>\n<meta property=\"og:description\" content=\"Nazywam si\u0119 Tomasz Kazubski i jestem adwokatem. Po zako\u0144czeniu studi\u00f3w prawniczych pracowa\u0142em u Rzecznika Praw Dziecka w Warszawie.\" \/>\n<meta property=\"og:url\" content=\"https:\/\/gwalt-pornografia-molestowanie.pl\/pomocpokrzywdzonym\/o-mnie\/\" \/>\n<meta property=\"og:site_name\" content=\"Pomoc pokrzywdzonym\" \/>\n<meta property=\"article:modified_time\" content=\"2018-11-16T08:22:56+00:00\" \/>\n<meta name=\"twitter:card\" content=\"summary_large_image\" \/>\n<meta name=\"twitter:label1\" content=\"Szacowany czas czytania\" \/>\n\t<meta name=\"twitter:data1\" content=\"1 minuta\" \/>\n<script type=\"application\/ld+json\" class=\"yoast-schema-graph\">{\"@context\":\"https:\/\/schema.org\",\"@graph\":[{\"@type\":\"WebPage\",\"@id\":\"https:\/\/gwalt-pornografia-molestowanie.pl\/pomocpokrzywdzonym\/o-mnie\/\",\"url\":\"https:\/\/gwalt-pornografia-molestowanie.pl\/pomocpokrzywdzonym\/o-mnie\/\",\"name\":\"Tomasz Kazubski - adwokat - Pomoc Pokrzywdzonym\",\"isPartOf\":{\"@id\":\"https:\/\/gwalt-pornografia-molestowanie.pl\/pomocpokrzywdzonym\/#website\"},\"datePublished\":\"2018-09-10T10:00:10+00:00\",\"dateModified\":\"2018-11-16T08:22:56+00:00\",\"description\":\"Nazywam si\u0119 Tomasz Kazubski i jestem adwokatem. Po zako\u0144czeniu studi\u00f3w prawniczych pracowa\u0142em u Rzecznika Praw Dziecka w Warszawie.\",\"breadcrumb\":{\"@id\":\"https:\/\/gwalt-pornografia-molestowanie.pl\/pomocpokrzywdzonym\/o-mnie\/#breadcrumb\"},\"inLanguage\":\"pl-PL\",\"potentialAction\":[{\"@type\":\"ReadAction\",\"target\":[\"https:\/\/gwalt-pornografia-molestowanie.pl\/pomocpokrzywdzonym\/o-mnie\/\"]}]},{\"@type\":\"BreadcrumbList\",\"@id\":\"https:\/\/gwalt-pornografia-molestowanie.pl\/pomocpokrzywdzonym\/o-mnie\/#breadcrumb\",\"itemListElement\":[{\"@type\":\"ListItem\",\"position\":1,\"name\":\"Strona g\u0142\u00f3wna\",\"item\":\"https:\/\/gwalt-pornografia-molestowanie.pl\/pomocpokrzywdzonym\/\"},{\"@type\":\"ListItem\",\"position\":2,\"name\":\"O mnie\"}]},{\"@type\":\"WebSite\",\"@id\":\"https:\/\/gwalt-pornografia-molestowanie.pl\/pomocpokrzywdzonym\/#website\",\"url\":\"https:\/\/gwalt-pornografia-molestowanie.pl\/pomocpokrzywdzonym\/\",\"name\":\"Pomoc pokrzywdzonym\",\"description\":\"czyli jak odnale\u017a\u0107 si\u0119 w trudnej sytuacji\",\"potentialAction\":[{\"@type\":\"SearchAction\",\"target\":{\"@type\":\"EntryPoint\",\"urlTemplate\":\"https:\/\/gwalt-pornografia-molestowanie.pl\/pomocpokrzywdzonym\/?s={search_term_string}\"},\"query-input\":{\"@type\":\"PropertyValueSpecification\",\"valueRequired\":true,\"valueName\":\"search_term_string\"}}],\"inLanguage\":\"pl-PL\"}]}<\/script>\n<!-- \/ Yoast SEO plugin. -->","yoast_head_json":{"title":"Tomasz Kazubski - adwokat - Pomoc Pokrzywdzonym","description":"Nazywam si\u0119 Tomasz Kazubski i jestem adwokatem. Po zako\u0144czeniu studi\u00f3w prawniczych pracowa\u0142em u Rzecznika Praw Dziecka w Warszawie.","robots":{"index":"index","follow":"follow","max-snippet":"max-snippet:-1","max-image-preview":"max-image-preview:large","max-video-preview":"max-video-preview:-1"},"canonical":"https:\/\/gwalt-pornografia-molestowanie.pl\/pomocpokrzywdzonym\/o-mnie\/","og_locale":"pl_PL","og_type":"article","og_title":"Tomasz Kazubski - adwokat - Pomoc Pokrzywdzonym","og_description":"Nazywam si\u0119 Tomasz Kazubski i jestem adwokatem. Po zako\u0144czeniu studi\u00f3w prawniczych pracowa\u0142em u Rzecznika Praw Dziecka w Warszawie.","og_url":"https:\/\/gwalt-pornografia-molestowanie.pl\/pomocpokrzywdzonym\/o-mnie\/","og_site_name":"Pomoc pokrzywdzonym","article_modified_time":"2018-11-16T08:22:56+00:00","twitter_card":"summary_large_image","twitter_misc":{"Szacowany czas czytania":"1 minuta"},"schema":{"@context":"https:\/\/schema.org","@graph":[{"@type":"WebPage","@id":"https:\/\/gwalt-pornografia-molestowanie.pl\/pomocpokrzywdzonym\/o-mnie\/","url":"https:\/\/gwalt-pornografia-molestowanie.pl\/pomocpokrzywdzonym\/o-mnie\/","name":"Tomasz Kazubski - adwokat - Pomoc Pokrzywdzonym","isPartOf":{"@id":"https:\/\/gwalt-pornografia-molestowanie.pl\/pomocpokrzywdzonym\/#website"},"datePublished":"2018-09-10T10:00:10+00:00","dateModified":"2018-11-16T08:22:56+00:00","description":"Nazywam si\u0119 Tomasz Kazubski i jestem adwokatem. Po zako\u0144czeniu studi\u00f3w prawniczych pracowa\u0142em u Rzecznika Praw Dziecka w Warszawie.","breadcrumb":{"@id":"https:\/\/gwalt-pornografia-molestowanie.pl\/pomocpokrzywdzonym\/o-mnie\/#breadcrumb"},"inLanguage":"pl-PL","potentialAction":[{"@type":"ReadAction","target":["https:\/\/gwalt-pornografia-molestowanie.pl\/pomocpokrzywdzonym\/o-mnie\/"]}]},{"@type":"BreadcrumbList","@id":"https:\/\/gwalt-pornografia-molestowanie.pl\/pomocpokrzywdzonym\/o-mnie\/#breadcrumb","itemListElement":[{"@type":"ListItem","position":1,"name":"Strona g\u0142\u00f3wna","item":"https:\/\/gwalt-pornografia-molestowanie.pl\/pomocpokrzywdzonym\/"},{"@type":"ListItem","position":2,"name":"O mnie"}]},{"@type":"WebSite","@id":"https:\/\/gwalt-pornografia-molestowanie.pl\/pomocpokrzywdzonym\/#website","url":"https:\/\/gwalt-pornografia-molestowanie.pl\/pomocpokrzywdzonym\/","name":"Pomoc pokrzywdzonym","description":"czyli jak odnale\u017a\u0107 si\u0119 w trudnej sytuacji","potentialAction":[{"@type":"SearchAction","target":{"@type":"EntryPoint","urlTemplate":"https:\/\/gwalt-pornografia-molestowanie.pl\/pomocpokrzywdzonym\/?s={search_term_string}"},"query-input":{"@type":"PropertyValueSpecification","valueRequired":true,"valueName":"search_term_string"}}],"inLanguage":"pl-PL"}]}},"jetpack_shortlink":"https:\/\/wp.me\/PafGyg-5","jetpack_sharing_enabled":true,"_links":{"self":[{"href":"https:\/\/gwalt-pornografia-molestowanie.pl\/pomocpokrzywdzonym\/wp-json\/wp\/v2\/pages\/5","targetHints":{"allow":["GET"]}}],"collection":[{"href":"https:\/\/gwalt-pornografia-molestowanie.pl\/pomocpokrzywdzonym\/wp-json\/wp\/v2\/pages"}],"about":[{"href":"https:\/\/gwalt-pornografia-molestowanie.pl\/pomocpokrzywdzonym\/wp-json\/wp\/v2\/types\/page"}],"author":[{"embeddable":true,"href":"https:\/\/gwalt-pornografia-molestowanie.pl\/pomocpokrzywdzonym\/wp-json\/wp\/v2\/users\/1"}],"replies":[{"embeddable":true,"href":"https:\/\/gwalt-pornografia-molestowanie.pl\/pomocpokrzywdzonym\/wp-json\/wp\/v2\/comments?post=5"}],"version-history":[{"count":3,"href":"https:\/\/gwalt-pornografia-molestowanie.pl\/pomocpokrzywdzonym\/wp-json\/wp\/v2\/pages\/5\/revisions"}],"predecessor-version":[{"id":46,"href":"https:\/\/gwalt-pornografia-molestowanie.pl\/pomocpokrzywdzonym\/wp-json\/wp\/v2\/pages\/5\/revisions\/46"}],"wp:attachment":[{"href":"https:\/\/gwalt-pornografia-molestowanie.pl\/pomocpokrzywdzonym\/wp-json\/wp\/v2\/media?parent=5"}],"curies":[{"name":"wp","href":"https:\/\/api.w.org\/{rel}","templated":true}]}}